{"id":258,"date":"2018-01-22T10:17:40","date_gmt":"2018-01-22T14:17:40","guid":{"rendered":"http:\/\/ayuntamiento.o\/transparencia\/?page_id=258"},"modified":"2025-03-17T21:29:55","modified_gmt":"2025-03-18T01:29:55","slug":"responsable-de-acceso-a-la-informacion","status":"publish","type":"page","link":"https:\/\/ayuntamientorestauracion.gob.do\/transparencia\/responsable-de-acceso-a-la-informacion\/","title":{"rendered":"Responsable de Acceso a la Informaci\u00f3n"},"content":{"rendered":"<p>Responsable de Acceso a la Informaci\u00f3n P\u00fablica<\/p>\n<ul>\n<li><strong>Nombre:<\/strong> Aldho Amarante Rodr\u00edguez<\/li>\n<li><strong>Tel\u00e9fono:<\/strong> 809-258-4186<\/li>\n<li><strong>E-Mail:<\/strong> <a href=\"mailto:ayuntamientorestauracion.oaim@gmail.com\">ayuntamientorestauracion.oaim@gmail.com<\/a><\/li>\n<li><strong>Direcci\u00f3n:<\/strong> San Jos\u00e9 #51, Municipio de Restauraci\u00f3n, Provincia Dajab\u00f3n Dajab\u00f3n, Rep. Dom.<\/li>\n<\/ul>\n<p>\u00a0<\/p>\n\n\n<p><\/p>\n\n\n\n\n\n<figure class=\"wp-block-image size-large is-resized\"><img loading=\"lazy\" src=\"http:\/\/ayuntamientorestauracion.gob.do\/transparencia\/wp-content\/uploads\/2025\/03\/IMG_9634-700x525.jpg\" alt=\"\" class=\"wp-image-956\" width=\"725\" height=\"544\" srcset=\"https:\/\/ayuntamientorestauracion.gob.do\/transparencia\/wp-content\/uploads\/2025\/03\/IMG_9634-700x525.jpg 700w, https:\/\/ayuntamientorestauracion.gob.do\/transparencia\/wp-content\/uploads\/2025\/03\/IMG_9634-250x188.jpg 250w, https:\/\/ayuntamientorestauracion.gob.do\/transparencia\/wp-content\/uploads\/2025\/03\/IMG_9634-768x576.jpg 768w, https:\/\/ayuntamientorestauracion.gob.do\/transparencia\/wp-content\/uploads\/2025\/03\/IMG_9634-1536x1152.jpg 1536w, https:\/\/ayuntamientorestauracion.gob.do\/transparencia\/wp-content\/uploads\/2025\/03\/IMG_9634-120x90.jpg 120w, https:\/\/ayuntamientorestauracion.gob.do\/transparencia\/wp-content\/uploads\/2025\/03\/IMG_9634.jpg 2016w\" sizes=\"(max-width: 725px) 100vw, 725px\" \/><figcaption>OFICINA LIBRE ACCESO RESTAURACION<\/figcaption><\/figure>\n\n\n\n<p><\/p>\n","protected":false},"excerpt":{"rendered":"Responsable de Acceso a la Informaci\u00f3n P\u00fablica Nombre: Aldho Amarante Rodr\u00edguez Tel\u00e9fono: 809-258-4186 E-Mail: ayuntamientorestauracion.oaim@gmail.com Direcci\u00f3n: San Jos\u00e9 #51, Municipio de Restauraci\u00f3n, Provincia Dajab\u00f3n Dajab\u00f3n, Rep. Dom. \u00a0","protected":false},"author":3,"featured_media":0,"parent":0,"menu_order":0,"comment_status":"closed","ping_status":"closed","template":"","meta":[],"acf":[],"_links":{"self":[{"href":"https:\/\/ayuntamientorestauracion.gob.do\/transparencia\/wp-json\/wp\/v2\/pages\/258"}],"collection":[{"href":"https:\/\/ayuntamientorestauracion.gob.do\/transparencia\/wp-json\/wp\/v2\/pages"}],"about":[{"href":"https:\/\/ayuntamientorestauracion.gob.do\/transparencia\/wp-json\/wp\/v2\/types\/page"}],"author":[{"embeddable":true,"href":"https:\/\/ayuntamientorestauracion.gob.do\/transparencia\/wp-json\/wp\/v2\/users\/3"}],"replies":[{"embeddable":true,"href":"https:\/\/ayuntamientorestauracion.gob.do\/transparencia\/wp-json\/wp\/v2\/comments?post=258"}],"version-history":[{"count":9,"href":"https:\/\/ayuntamientorestauracion.gob.do\/transparencia\/wp-json\/wp\/v2\/pages\/258\/revisions"}],"predecessor-version":[{"id":965,"href":"https:\/\/ayuntamientorestauracion.gob.do\/transparencia\/wp-json\/wp\/v2\/pages\/258\/revisions\/965"}],"wp:attachment":[{"href":"https:\/\/ayuntamientorestauracion.gob.do\/transparencia\/wp-json\/wp\/v2\/media?parent=258"}],"curies":[{"name":"wp","href":"https:\/\/api.w.org\/{rel}","templated":true}]}}